{"id":2128,"date":"2024-11-05T18:05:42","date_gmt":"2024-11-05T17:05:42","guid":{"rendered":"https:\/\/franceagritwittos.com\/?page_id=2128"},"modified":"2024-11-21T18:55:56","modified_gmt":"2024-11-21T17:55:56","slug":"nos-reseaux-sociaux","status":"publish","type":"page","link":"https:\/\/franceagritwittos.com\/index.php\/nos-reseaux-sociaux\/","title":{"rendered":"Nos r\u00e9seaux sociaux"},"content":{"rendered":"\n<div class=\"wp-block-cover alignfull\" style=\"min-height:196px;aspect-ratio:unset;\"><span aria-hidden=\"true\" class=\"wp-block-cover__background has-nv-dark-bg-background-color has-background-dim-20 has-background-dim\"><\/span><img loading=\"lazy\" decoding=\"async\" width=\"2400\" height=\"1600\" class=\"wp-block-cover__image-background wp-image-67\" alt=\"\" src=\"http:\/\/franceagritwittos.com\/wp-content\/uploads\/2020\/01\/connect\u00e9-smartphone-bl\u00e9-t\u00e9l\u00e9phone-mobile_NORMANDIE-Eure_Cr\u00e9dit-N-PETIT@agri_zoom.jpg\" style=\"object-position:54% 78%\" data-object-fit=\"cover\" data-object-position=\"54% 78%\" srcset=\"https:\/\/franceagritwittos.com\/wp-content\/uploads\/2020\/01\/connect\u00e9-smartphone-bl\u00e9-t\u00e9l\u00e9phone-mobile_NORMANDIE-Eure_Cr\u00e9dit-N-PETIT@agri_zoom.jpg 2400w, https:\/\/franceagritwittos.com\/wp-content\/uploads\/2020\/01\/connect\u00e9-smartphone-bl\u00e9-t\u00e9l\u00e9phone-mobile_NORMANDIE-Eure_Cr\u00e9dit-N-PETIT@agri_zoom-300x200.jpg 300w, https:\/\/franceagritwittos.com\/wp-content\/uploads\/2020\/01\/connect\u00e9-smartphone-bl\u00e9-t\u00e9l\u00e9phone-mobile_NORMANDIE-Eure_Cr\u00e9dit-N-PETIT@agri_zoom-1024x683.jpg 1024w, https:\/\/franceagritwittos.com\/wp-content\/uploads\/2020\/01\/connect\u00e9-smartphone-bl\u00e9-t\u00e9l\u00e9phone-mobile_NORMANDIE-Eure_Cr\u00e9dit-N-PETIT@agri_zoom-768x512.jpg 768w, https:\/\/franceagritwittos.com\/wp-content\/uploads\/2020\/01\/connect\u00e9-smartphone-bl\u00e9-t\u00e9l\u00e9phone-mobile_NORMANDIE-Eure_Cr\u00e9dit-N-PETIT@agri_zoom-1536x1024.jpg 1536w, https:\/\/franceagritwittos.com\/wp-content\/uploads\/2020\/01\/connect\u00e9-smartphone-bl\u00e9-t\u00e9l\u00e9phone-mobile_NORMANDIE-Eure_Cr\u00e9dit-N-PETIT@agri_zoom-2048x1365.jpg 2048w, https:\/\/franceagritwittos.com\/wp-content\/uploads\/2020\/01\/connect\u00e9-smartphone-bl\u00e9-t\u00e9l\u00e9phone-mobile_NORMANDIE-Eure_Cr\u00e9dit-N-PETIT@agri_zoom-1x1.jpg 1w\" sizes=\"(max-width: 2400px) 100vw, 2400px\" \/><div class=\"wp-block-cover__inner-container is-layout-flow wp-block-cover-is-layout-flow\">\n<div class=\"wp-block-group\"><div class=\"wp-block-group__inner-container is-layout-flow wp-block-group-is-layout-flow\">\n<div style=\"height:21px\" aria-hidden=\"true\" class=\"wp-block-spacer\"><\/div>\n<\/div><\/div>\n\n\n\n<h2 class=\"wp-block-heading\">Nos r\u00e9seaux sociaux<\/h2>\n\n\n\n<div style=\"height:21px\" aria-hidden=\"true\" class=\"wp-block-spacer\"><\/div>\n<\/div><\/div>\n\n\n\n<div style=\"height:40px\" aria-hidden=\"true\" class=\"wp-block-spacer\"><\/div>\n\n\n\n<h2 class=\"wp-block-heading\">Les r\u00e9seaux sociaux au service de la communication positive<\/h2>\n\n\n\n<p>N\u00e9e sur X (anciennement Twitter &#8211; d&rsquo;o\u00f9 le nom !), l&rsquo;association est pr\u00e9sente sur de nombreux r\u00e9seaux sociaux, \u00e0 l&rsquo;image de ses <a href=\"https:\/\/franceagritwittos.com\/index.php\/devenir-adherent\/\" target=\"_blank\" rel=\"noreferrer noopener\">membres<\/a>.<\/p>\n\n\n\n<div style=\"height:20px\" aria-hidden=\"true\" class=\"wp-block-spacer\"><\/div>\n\n\n\n<section id=\"wp-block-themeisle-blocks-advanced-columns-a5663609\" class=\"wp-block-themeisle-blocks-advanced-columns alignfull has-1-columns has-desktop-equal-layout has-tablet-equal-layout has-mobile-equal-layout has-vertical-flex-start has-light-bg\"><div class=\"wp-block-themeisle-blocks-advanced-columns-overlay\"><\/div><div class=\"innerblocks-wrap\">\n<div id=\"wp-block-themeisle-blocks-advanced-column-4c4fd106\" class=\"wp-block-themeisle-blocks-advanced-column\">\n<section id=\"wp-block-themeisle-blocks-advanced-columns-0eb219a1\" class=\"wp-block-themeisle-blocks-advanced-columns has-2-columns has-desktop-equal-layout has-tablet-equal-layout has-mobile-collapsedRows-layout has-vertical-flex-start\"><div class=\"wp-block-themeisle-blocks-advanced-columns-overlay\"><\/div><div class=\"innerblocks-wrap\">\n<div id=\"wp-block-themeisle-blocks-advanced-column-840de2b2\" class=\"wp-block-themeisle-blocks-advanced-column has-light-bg\"><div class=\"wp-block-image\">\n<figure class=\"aligncenter size-full\"><img loading=\"lazy\" decoding=\"async\" width=\"80\" height=\"80\" src=\"http:\/\/franceagritwittos.com\/wp-content\/uploads\/2023\/11\/4.png\" alt=\"\" class=\"wp-image-1920\"\/><\/figure><\/div>\n\n\n<h3 class=\"wp-block-heading has-text-align-center has-text-color has-link-color wp-elements-706027bcc12a4be4a4b74413adc7b89a\" style=\"color:#080808\">LinkedIn<\/h3>\n\n\n\n<p class=\"has-text-align-center has-text-color has-link-color wp-elements-5d1505a16fd7c0cf220bf61f55667289\" style=\"color:#080808\">D\u00e9cryptez avec nous les sujets d&rsquo;actualit\u00e9, accompagn\u00e9s de t\u00e9moignages de nos adh\u00e9rentes et adh\u00e9rents.<\/p>\n\n\n\n<div class=\"wp-block-buttons is-content-justification-center is-layout-flex wp-container-core-buttons-is-layout-1 wp-block-buttons-is-layout-flex\">\n<div class=\"wp-block-button is-style-primary\"><a class=\"wp-block-button__link has-nv-site-bg-color has-neve-link-hover-color-background-color has-text-color has-background has-link-color wp-element-button\" href=\"https:\/\/fr.linkedin.com\/company\/franceagritwittos\" style=\"border-radius:22px\" target=\"_blank\" rel=\"noreferrer noopener\">La page LinkedIn<\/a><\/div>\n<\/div>\n<\/div>\n\n\n\n<div id=\"wp-block-themeisle-blocks-advanced-column-dce98669\" class=\"wp-block-themeisle-blocks-advanced-column has-light-bg\"><div class=\"wp-block-image\">\n<figure class=\"aligncenter size-full\"><img loading=\"lazy\" decoding=\"async\" width=\"80\" height=\"80\" src=\"http:\/\/franceagritwittos.com\/wp-content\/uploads\/2023\/11\/2.png\" alt=\"\" class=\"wp-image-1918\"\/><\/figure><\/div>\n\n\n<h3 class=\"wp-block-heading has-text-align-center has-text-color has-link-color wp-elements-49f960fc096bf92987d22d33696f3930\" style=\"color:#080808\">X (Twitter)<\/h3>\n\n\n\n<p class=\"has-text-align-center has-text-color has-link-color wp-elements-09ddf45916254c867a74e1c6eba71a0c\" style=\"color:#080808\"> Le r\u00e9seau id\u00e9al pour suivre l&rsquo;actualit\u00e9 agricole et pour ne pas rater les dates et moments cl\u00e9s du calendrier agricole.<\/p>\n\n\n\n<div class=\"wp-block-buttons is-content-justification-center is-layout-flex wp-container-core-buttons-is-layout-2 wp-block-buttons-is-layout-flex\">\n<div class=\"wp-block-button is-style-primary\"><a class=\"wp-block-button__link has-nv-site-bg-color has-nv-c-1-background-color has-text-color has-background has-link-color wp-element-button\" href=\"https:\/\/x.com\/Fragritwittos\" style=\"border-radius:22px\" target=\"_blank\" rel=\"noreferrer noopener\">Le compte X<\/a><\/div>\n<\/div>\n<\/div>\n<\/div><\/section>\n\n\n\n<section id=\"wp-block-themeisle-blocks-advanced-columns-804164d0\" class=\"wp-block-themeisle-blocks-advanced-columns has-3-columns has-desktop-equal-layout has-tablet-equal-layout has-mobile-collapsedRows-layout has-vertical-flex-start\"><div class=\"wp-block-themeisle-blocks-advanced-columns-overlay\"><\/div><div class=\"innerblocks-wrap\">\n<div id=\"wp-block-themeisle-blocks-advanced-column-0dc379eb\" class=\"wp-block-themeisle-blocks-advanced-column has-light-bg\"><div class=\"wp-block-image\">\n<figure class=\"aligncenter size-full\"><img loading=\"lazy\" decoding=\"async\" width=\"80\" height=\"80\" src=\"http:\/\/franceagritwittos.com\/wp-content\/uploads\/2023\/11\/1.png\" alt=\"\" class=\"wp-image-1917\" style=\"aspect-ratio:1;object-fit:cover\"\/><\/figure><\/div>\n\n\n<h3 class=\"wp-block-heading has-text-align-center has-text-color has-link-color wp-elements-f8acac040554e0959ba7d77e087eb6c6\" style=\"color:#080808\">Facebook<\/h3>\n\n\n\n<p class=\"has-text-align-center has-text-color has-link-color wp-elements-3494705eb17cd11b4aaf4fc983d1cf7d\" style=\"color:#080808\">Retrouvez les semaines des #FrAgTw guident les publications, accompagn\u00e9es d&rsquo;actualit\u00e9s de nos membres et d&rsquo;informations sur nos \u00e9v\u00e8nements.<\/p>\n\n\n\n<div class=\"wp-block-buttons is-content-justification-center is-layout-flex wp-container-core-buttons-is-layout-3 wp-block-buttons-is-layout-flex\">\n<div class=\"wp-block-button is-style-primary\"><a class=\"wp-block-button__link has-nv-site-bg-color has-neve-link-color-background-color has-text-color has-background has-link-color wp-element-button\" href=\"https:\/\/www.facebook.com\/franceagritwittos\" style=\"border-radius:22px\" target=\"_blank\" rel=\"noreferrer noopener\">La page Facebook<\/a><\/div>\n<\/div>\n<\/div>\n\n\n\n<div id=\"wp-block-themeisle-blocks-advanced-column-3a795ec4\" class=\"wp-block-themeisle-blocks-advanced-column has-light-bg\"><div class=\"wp-block-image\">\n<figure class=\"aligncenter size-full\"><img loading=\"lazy\" decoding=\"async\" width=\"80\" height=\"80\" src=\"http:\/\/franceagritwittos.com\/wp-content\/uploads\/2023\/11\/3.png\" alt=\"\" class=\"wp-image-1919\" style=\"aspect-ratio:1;object-fit:cover\"\/><\/figure><\/div>\n\n\n<h3 class=\"wp-block-heading has-text-align-center has-text-color has-link-color wp-elements-8013526a6432919d02107d7cb8bf6e93\" style=\"color:#080808\">Instagram<\/h3>\n\n\n\n<p class=\"has-text-align-center has-text-color has-link-color wp-elements-a9a4ff055d57bbdcb4b51872a25ba557\" style=\"color:#080808\">Laissez-vous transporter chez nos membres via les stories, et directement dans la banque d&rsquo;images de l&rsquo;association dans les publications.<\/p>\n\n\n\n<div class=\"wp-block-buttons is-content-justification-center is-layout-flex wp-container-core-buttons-is-layout-4 wp-block-buttons-is-layout-flex\">\n<div class=\"wp-block-button is-style-primary\"><a class=\"wp-block-button__link has-nv-site-bg-color has-nv-c-1-background-color has-text-color has-background has-link-color wp-element-button\" href=\"https:\/\/www.instagram.com\/franceagritwittos\/\" style=\"border-radius:22px\" target=\"_blank\" rel=\"noreferrer noopener\">Le compte Insta<\/a><\/div>\n<\/div>\n<\/div>\n\n\n\n<div id=\"wp-block-themeisle-blocks-advanced-column-598d6ee8\" class=\"wp-block-themeisle-blocks-advanced-column has-light-bg\"><div class=\"wp-block-image\">\n<figure class=\"aligncenter size-full is-resized\"><img loading=\"lazy\" decoding=\"async\" width=\"640\" height=\"640\" src=\"http:\/\/franceagritwittos.com\/wp-content\/uploads\/2024\/11\/tiktok-5962992_640.png\" alt=\"\" class=\"wp-image-2262\" style=\"object-fit:cover;width:64px;height:auto\" srcset=\"https:\/\/franceagritwittos.com\/wp-content\/uploads\/2024\/11\/tiktok-5962992_640.png 640w, https:\/\/franceagritwittos.com\/wp-content\/uploads\/2024\/11\/tiktok-5962992_640-300x300.png 300w, https:\/\/franceagritwittos.com\/wp-content\/uploads\/2024\/11\/tiktok-5962992_640-150x150.png 150w\" sizes=\"(max-width: 640px) 100vw, 640px\" \/><\/figure><\/div>\n\n\n<h3 class=\"wp-block-heading has-text-align-center has-text-color has-link-color wp-elements-d00870eb70849126dc1ce5b1910a81a7\" style=\"color:#080808\">TikTok<\/h3>\n\n\n\n<p class=\"has-text-align-center has-text-color has-link-color wp-elements-4aa143c6d423e488369d57a65caf0ca6\" style=\"color:#080808\">D\u00e9couvrez FrAgriKiki, notre mascotte, qui vous emm\u00e8ne avec lui dans ses voyages aupr\u00e8s de nos membres pour y d\u00e9couvrir leur quotidien.<\/p>\n\n\n\n<div class=\"wp-block-buttons is-content-justification-center is-layout-flex wp-container-core-buttons-is-layout-5 wp-block-buttons-is-layout-flex\">\n<div class=\"wp-block-button is-style-primary\"><a class=\"wp-block-button__link has-nv-site-bg-color has-neve-link-hover-color-background-color has-text-color has-background has-link-color wp-element-button\" href=\"https:\/\/www.tiktok.com\/@fragrikiki\" style=\"border-radius:22px\" target=\"_blank\" rel=\"noreferrer noopener\">FrAgriKiki sur TikTok<\/a><\/div>\n<\/div>\n<\/div>\n<\/div><\/section>\n<\/div>\n<\/div><\/section>\n\n\n\n<div style=\"height:40px\" aria-hidden=\"true\" class=\"wp-block-spacer\"><\/div>\n\n\n\n<h2 class=\"wp-block-heading\">Petit aper\u00e7u de la page LinkedIn<\/h2>\n\n\n\n<script src=\"https:\/\/static.elfsight.com\/platform\/platform.js\" async><\/script>\n<div class=\"elfsight-app-f31fd9cb-9030-4432-a4c3-1e0be91a3f81\" data-elfsight-app-lazy><\/div>\n\n\n\n<p><\/p>\n\n<div class=\"twitter-share\"><a href=\"https:\/\/twitter.com\/intent\/tweet?via=Fragritwittos\" class=\"twitter-share-button\">Tweet<\/a><\/div>\n","protected":false},"excerpt":{"rendered":"<p>Les r\u00e9seaux sociaux au service de la communication positive N\u00e9e sur X (anciennement Twitter &#8211; d&rsquo;o\u00f9 le nom !), l&rsquo;association est pr\u00e9sente sur de nombreux r\u00e9seaux sociaux, \u00e0 l&rsquo;image de ses membres. Petit aper\u00e7u de la page LinkedIn<\/p>\n","protected":false},"author":248,"featured_media":0,"parent":0,"menu_order":0,"comment_status":"closed","ping_status":"closed","template":"","meta":{"neve_meta_sidebar":"full-width","neve_meta_container":"contained","neve_meta_enable_content_width":"on","neve_meta_content_width":100,"neve_meta_title_alignment":"","neve_meta_author_avatar":"","neve_post_elements_order":"","neve_meta_disable_header":"","neve_meta_disable_footer":"","neve_meta_disable_title":"on","ngg_post_thumbnail":0,"_themeisle_gutenberg_block_has_review":false,"_ti_tpc_template_sync":false,"_ti_tpc_template_id":"","footnotes":""},"class_list":["post-2128","page","type-page","status-publish","hentry"],"yoast_head":"<!-- This site is optimized with the Yoast SEO plugin v20.1 - https:\/\/yoast.com\/wordpress\/plugins\/seo\/ -->\n<title>Nos r\u00e9seaux sociaux - FranceAgriTwittos<\/title>\n<meta name=\"description\" content=\"N\u00e9e sur X (anciennement Twitter - d&#039;o\u00f9 le nom !), l&#039;association est pr\u00e9sente sur de nombreux r\u00e9seaux sociaux, \u00e0 l&#039;image de ses membres.\" \/>\n<meta name=\"robots\" content=\"index, follow, max-snippet:-1, max-image-preview:large, max-video-preview:-1\" \/>\n<link rel=\"canonical\" href=\"https:\/\/franceagritwittos.com\/index.php\/nos-reseaux-sociaux\/\" \/>\n<meta property=\"og:locale\" content=\"fr_FR\" \/>\n<meta property=\"og:type\" content=\"article\" \/>\n<meta property=\"og:title\" content=\"Nos r\u00e9seaux sociaux - FranceAgriTwittos\" \/>\n<meta property=\"og:description\" content=\"N\u00e9e sur X (anciennement Twitter - d&#039;o\u00f9 le nom !), l&#039;association est pr\u00e9sente sur de nombreux r\u00e9seaux sociaux, \u00e0 l&#039;image de ses membres.\" \/>\n<meta property=\"og:url\" content=\"https:\/\/franceagritwittos.com\/index.php\/nos-reseaux-sociaux\/\" \/>\n<meta property=\"og:site_name\" content=\"FranceAgriTwittos.com\" \/>\n<meta property=\"article:modified_time\" content=\"2024-11-21T17:55:56+00:00\" \/>\n<meta property=\"og:image\" content=\"http:\/\/franceagritwittos.com\/wp-content\/uploads\/2023\/11\/4.png\" \/>\n<meta name=\"twitter:card\" content=\"summary_large_image\" \/>\n<meta name=\"twitter:label1\" content=\"Dur\u00e9e de lecture estim\u00e9e\" \/>\n\t<meta name=\"twitter:data1\" content=\"2 minutes\" \/>\n<script type=\"application\/ld+json\" class=\"yoast-schema-graph\">{\"@context\":\"https:\/\/schema.org\",\"@graph\":[{\"@type\":\"WebPage\",\"@id\":\"https:\/\/franceagritwittos.com\/index.php\/nos-reseaux-sociaux\/\",\"url\":\"https:\/\/franceagritwittos.com\/index.php\/nos-reseaux-sociaux\/\",\"name\":\"Nos r\u00e9seaux sociaux - FranceAgriTwittos\",\"isPartOf\":{\"@id\":\"https:\/\/franceagritwittos.com\/#website\"},\"datePublished\":\"2024-11-05T17:05:42+00:00\",\"dateModified\":\"2024-11-21T17:55:56+00:00\",\"description\":\"N\u00e9e sur X (anciennement Twitter - d'o\u00f9 le nom !), l'association est pr\u00e9sente sur de nombreux r\u00e9seaux sociaux, \u00e0 l'image de ses membres.\",\"breadcrumb\":{\"@id\":\"https:\/\/franceagritwittos.com\/index.php\/nos-reseaux-sociaux\/#breadcrumb\"},\"inLanguage\":\"fr-FR\",\"potentialAction\":[{\"@type\":\"ReadAction\",\"target\":[\"https:\/\/franceagritwittos.com\/index.php\/nos-reseaux-sociaux\/\"]}]},{\"@type\":\"BreadcrumbList\",\"@id\":\"https:\/\/franceagritwittos.com\/index.php\/nos-reseaux-sociaux\/#breadcrumb\",\"itemListElement\":[{\"@type\":\"ListItem\",\"position\":1,\"name\":\"Accueil\",\"item\":\"https:\/\/franceagritwittos.com\/\"},{\"@type\":\"ListItem\",\"position\":2,\"name\":\"Nos r\u00e9seaux sociaux\"}]},{\"@type\":\"WebSite\",\"@id\":\"https:\/\/franceagritwittos.com\/#website\",\"url\":\"https:\/\/franceagritwittos.com\/\",\"name\":\"FranceAgriTwittos.com\",\"description\":\"#FrAgTw\",\"publisher\":{\"@id\":\"https:\/\/franceagritwittos.com\/#organization\"},\"potentialAction\":[{\"@type\":\"SearchAction\",\"target\":{\"@type\":\"EntryPoint\",\"urlTemplate\":\"https:\/\/franceagritwittos.com\/?s={search_term_string}\"},\"query-input\":\"required name=search_term_string\"}],\"inLanguage\":\"fr-FR\"},{\"@type\":\"Organization\",\"@id\":\"https:\/\/franceagritwittos.com\/#organization\",\"name\":\"FranceAgriTwittos.com\",\"url\":\"https:\/\/franceagritwittos.com\/\",\"logo\":{\"@type\":\"ImageObject\",\"inLanguage\":\"fr-FR\",\"@id\":\"https:\/\/franceagritwittos.com\/#\/schema\/logo\/image\/\",\"url\":\"https:\/\/franceagritwittos.com\/wp-content\/uploads\/2023\/11\/4.png\",\"contentUrl\":\"https:\/\/franceagritwittos.com\/wp-content\/uploads\/2023\/11\/4.png\",\"width\":80,\"height\":80,\"caption\":\"FranceAgriTwittos.com\"},\"image\":{\"@id\":\"https:\/\/franceagritwittos.com\/#\/schema\/logo\/image\/\"}}]}<\/script>\n<!-- \/ Yoast SEO plugin. -->","yoast_head_json":{"title":"Nos r\u00e9seaux sociaux - FranceAgriTwittos","description":"N\u00e9e sur X (anciennement Twitter - d'o\u00f9 le nom !), l'association est pr\u00e9sente sur de nombreux r\u00e9seaux sociaux, \u00e0 l'image de ses membres.","robots":{"index":"index","follow":"follow","max-snippet":"max-snippet:-1","max-image-preview":"max-image-preview:large","max-video-preview":"max-video-preview:-1"},"canonical":"https:\/\/franceagritwittos.com\/index.php\/nos-reseaux-sociaux\/","og_locale":"fr_FR","og_type":"article","og_title":"Nos r\u00e9seaux sociaux - FranceAgriTwittos","og_description":"N\u00e9e sur X (anciennement Twitter - d'o\u00f9 le nom !), l'association est pr\u00e9sente sur de nombreux r\u00e9seaux sociaux, \u00e0 l'image de ses membres.","og_url":"https:\/\/franceagritwittos.com\/index.php\/nos-reseaux-sociaux\/","og_site_name":"FranceAgriTwittos.com","article_modified_time":"2024-11-21T17:55:56+00:00","og_image":[{"url":"http:\/\/franceagritwittos.com\/wp-content\/uploads\/2023\/11\/4.png"}],"twitter_card":"summary_large_image","twitter_misc":{"Dur\u00e9e de lecture estim\u00e9e":"2 minutes"},"schema":{"@context":"https:\/\/schema.org","@graph":[{"@type":"WebPage","@id":"https:\/\/franceagritwittos.com\/index.php\/nos-reseaux-sociaux\/","url":"https:\/\/franceagritwittos.com\/index.php\/nos-reseaux-sociaux\/","name":"Nos r\u00e9seaux sociaux - FranceAgriTwittos","isPartOf":{"@id":"https:\/\/franceagritwittos.com\/#website"},"datePublished":"2024-11-05T17:05:42+00:00","dateModified":"2024-11-21T17:55:56+00:00","description":"N\u00e9e sur X (anciennement Twitter - d'o\u00f9 le nom !), l'association est pr\u00e9sente sur de nombreux r\u00e9seaux sociaux, \u00e0 l'image de ses membres.","breadcrumb":{"@id":"https:\/\/franceagritwittos.com\/index.php\/nos-reseaux-sociaux\/#breadcrumb"},"inLanguage":"fr-FR","potentialAction":[{"@type":"ReadAction","target":["https:\/\/franceagritwittos.com\/index.php\/nos-reseaux-sociaux\/"]}]},{"@type":"BreadcrumbList","@id":"https:\/\/franceagritwittos.com\/index.php\/nos-reseaux-sociaux\/#breadcrumb","itemListElement":[{"@type":"ListItem","position":1,"name":"Accueil","item":"https:\/\/franceagritwittos.com\/"},{"@type":"ListItem","position":2,"name":"Nos r\u00e9seaux sociaux"}]},{"@type":"WebSite","@id":"https:\/\/franceagritwittos.com\/#website","url":"https:\/\/franceagritwittos.com\/","name":"FranceAgriTwittos.com","description":"#FrAgTw","publisher":{"@id":"https:\/\/franceagritwittos.com\/#organization"},"potentialAction":[{"@type":"SearchAction","target":{"@type":"EntryPoint","urlTemplate":"https:\/\/franceagritwittos.com\/?s={search_term_string}"},"query-input":"required name=search_term_string"}],"inLanguage":"fr-FR"},{"@type":"Organization","@id":"https:\/\/franceagritwittos.com\/#organization","name":"FranceAgriTwittos.com","url":"https:\/\/franceagritwittos.com\/","logo":{"@type":"ImageObject","inLanguage":"fr-FR","@id":"https:\/\/franceagritwittos.com\/#\/schema\/logo\/image\/","url":"https:\/\/franceagritwittos.com\/wp-content\/uploads\/2023\/11\/4.png","contentUrl":"https:\/\/franceagritwittos.com\/wp-content\/uploads\/2023\/11\/4.png","width":80,"height":80,"caption":"FranceAgriTwittos.com"},"image":{"@id":"https:\/\/franceagritwittos.com\/#\/schema\/logo\/image\/"}}]}},"_links":{"self":[{"href":"https:\/\/franceagritwittos.com\/index.php\/wp-json\/wp\/v2\/pages\/2128"}],"collection":[{"href":"https:\/\/franceagritwittos.com\/index.php\/wp-json\/wp\/v2\/pages"}],"about":[{"href":"https:\/\/franceagritwittos.com\/index.php\/wp-json\/wp\/v2\/types\/page"}],"author":[{"embeddable":true,"href":"https:\/\/franceagritwittos.com\/index.php\/wp-json\/wp\/v2\/users\/248"}],"replies":[{"embeddable":true,"href":"https:\/\/franceagritwittos.com\/index.php\/wp-json\/wp\/v2\/comments?post=2128"}],"version-history":[{"count":21,"href":"https:\/\/franceagritwittos.com\/index.php\/wp-json\/wp\/v2\/pages\/2128\/revisions"}],"predecessor-version":[{"id":2297,"href":"https:\/\/franceagritwittos.com\/index.php\/wp-json\/wp\/v2\/pages\/2128\/revisions\/2297"}],"wp:attachment":[{"href":"https:\/\/franceagritwittos.com\/index.php\/wp-json\/wp\/v2\/media?parent=2128"}],"curies":[{"name":"wp","href":"https:\/\/api.w.org\/{rel}","templated":true}]}}